2).
-38
What is the value of 97 + 9 + (2 - -23) + -37?
94
What is the value of (18 + 0 - (-3 - -24)) + 73 + -2 + -4?
64
Evaluate -42 + (-70 - (-100 - -51)).
-63
Evaluate -38 - (5 + -8 + 32 + -7).
-60
Evaluate -9 + -31 + 153 + -170.
-57
11 - ((252 - 315) + (18 - -1))
55
What is -7 - -13 - (-77 - -39 - (11 + -1))?
54
Calculate 72 - (26 + 40 + 60).
-54
Evaluate 4 + -22 - -2 - (2230 - 2257).
11
What is the value of (-93 - (-52 + -24)) + 1 + -4 + -32?
-52
Calculate (20 - (4 + 0)) + (-291 - -291).
16
-58 + -6 - 1 - (66 - 37 - 51)
-43
What is the value of 10 + 39 + -40 - 51?
-42
11 + (57 - 59) - -5
14
(41 - -43) + -196 + (0 - (-16 - -4))
-100
What is (15 - 2 - 16) + (2 - 13)?
-14
What is the value of -1 - 1 - (0 - 4 - (-1 + (9 - 11)))?
-1
Calculate -5 + 69 + -47 + (-30 - 5).
-18
What is -2 + -2 + 2 + -1 + (-2064 - -2118)?
51
Calculate 45 - (37 - (-132 - -41)).
-83
What is -13 + 62 + -53 + 38?
34
Evaluate -26 + (-57 + 106 - 45).
-22
(0 - ((-1 - (1 - 9)) + -9)) + -3 + 8
7
What is -1 + 0 + 13 + -13 + 4?
3
Evaluate 63 + (12 - 32) + -43.
0
68 - (3 - 8 - 0 - (-12 - (-36 - -24)))
73
(-2 - (48 + -59)) + 0 + -28 - 15
-34
What is -3 + 2 + -2 + -58 + -12 + (23 - -14)?
-36
0 + -7 + 1 - (38 - (6 - 11 - -7))
-42
Calculate (56 + -1 - 9) + -53.
-7
What is the value of 735 + -689 - (1 + -2)?
47
What is 77 + -80 + (-3 - (61 + 6 + -5) - 0)?
-68
What is the value of -2 + -16 - (1222 + -1173)?
-67
What is the value of -6 - (8 + -9 + 25 + -166 + 4)?
132
36 + (2029 - 2154 - (-25 + -1))
-63
Calculate (2 - 0) + (4 + -20 - (95 + -6 + -8)).
-95
Evaluate 71 - 153 - -92 - (46 - -3).
-39
Calculate -134 + (139 - 15) - (2 - 124).
112
What is the value of 0 + (-1 - 87) + (2 - -42) + (-1268 - -1237)?
-75
What is the value of 4 + 35 + -20 + -54 - 4?
-39
What is the value of -69 + 53 - (8 + -12 + 40)?
-52
Calculate 8 - 10 - -18 - (-10 + -4).
30
Calculate (4 + -19 - 5) + (53 - 37).
-4
Evaluate 59 - (136 + (-108 - -128)).
-97
Evaluate (-8 - -26 - 54) + (12 - (16 + 3) - 6).
-49
(-47 + 15 - -75) + -16
27
What is the value of -54 + (86 + -123 - 10)?
-101
What is the value of 13 - ((-1145 - -1169) + 1 + 51)?
-63
What is 54 - -20 - 43 - (59 + 5)?
-33
Evaluate 69 + (71 - 132) - (11 + -5 - -120).
-118
Calculate -867 - -835 - (10 - 1).
-41
Calculate -4 - (10 - (15 - (-32 + (5 - -8)))).
20
Calculate 32 + -19 - (-8 + 20 + -48).
49
What is the value of -15 + 67 + 25 + (-10 - -3) + -1?
69
Calculate -35 + -3 + (2 - -8) - (-7 + 11 + 1).
-33
What is -13 + 4 + 2 + 2 + -5 - (-187 - -149)?
28
-10 - (22 - (-11 - -27) - (8 - 0))
-8
Calculate -89 + (3 - (5 + -16)) - (26 - 45).
-56
Calculate (-1 - -7) + (43 - 88) + 32 + 60.
53
Calculate 44 - (36 - 80 - -71).
17
What is 1 + ((-23 - (0 - 7)) + 9 - (-10 - 2))?
6
What is the value of 78 + -78 - (25 - (-1 + (-4 - -5 - 4)))?
-29
17 - 23 - (16 - 37) - (3 + 35)
-23
Calculate 0 + 1 + 5 + 2 + 0 + -438 + 377.
-53
-156 - (-44 + -32 + 69 - 27)
-122
What is the value of 0 - 1 - ((-31 - -8) + 56 + -21)?
-13
What is the value of 129 - (97 - 38 - -5)?
65
Evaluate 41 - (-24 - (-71 - -16)) - -74.
84
Calculate (-2809 - -2754) + (3 - 21).
-73
Evaluate 89 - (71 - -7) - -66.
77
Evaluate -1 + (-11 - (-41 + 43)) + (-1 - -11).
-4
What is the value of 15 + 0 - (2 + 88 - 71)?
-4
What is -33 - (15 + -29 + -44)?
25
What is the value of (6 - 20) + 15 + 8 + -10?
-1
What is 33 - (7 + -25 + 21)?
30
What is the value of 0 + -11 - (-35 + (2 - -8))?
14
Calculate (628 - 676) + 4 + (3 - 2).
-43
Calculate (8 - (17 - -2)) + 1 + 14.
4
-5 + 16 + 12 + (21 - (0 + 21))
23
Evaluate -6 - (57 + (-8 + (8 - 5) - -2 - -1)).
-61
What is the value of 14 + 11 + (-10 - (4 + 1)) - 3?
7
What is the value of -13 + (-3 - (-2 - (-4 + 7) - 5))?
-6
Calculate 23 + 1 + -3 + (-46 - -28).
3
What is the value of -401 - -447 - (-5 + (4 - -3 - 3))?
47
(2 - 44) + 10 - -55
23
-9 + -15 + 15 + 14 + (-3 - (58 + -2))
-54
What is 105 + -126 - (-17 - 1) - -20?
17
What is 47 + -151 - (7 + (29 - 15))?
-125
What is the value of (3 - 37) + (495 - 439)?
22
Evaluate (-16 + (13 - -9) - 26 - -32) + (-3 - -41).
50
Calculate (-1 - 55) + -5 + 5 + (31 - (-48 - -76)).
-53
What is -12 - (-19 - (-26 + 14)) - (-2 + -10)?
7
Calculate 54 + 12 + -14 + 11 + (-2 - 4 - 3).
54
Calculate -149 + 205 - (99 - -79).
-122
What is the value of -7 + (103 - 104) + (-2 - 17)?
-27
(-1 - (55 - 1)) + 3 - (23 - (5 - -17))
-53
What is the value of 9 + 2 + -47 + (19 - (-18 - -16 - -27))?
-42
Calculate (-114 + 107 - (1 + (3 - 5) - 0)) + -46.
-52
90 - (-221 + 185 - (-5 + -50))
71
Evaluate 1 - (9 + (-7 - -7) - (3 + 7)).
2
Calculate (-1 - 9) + 5 - (186 + -175).
-16
What is 12 - (41 + 13 + 9 + -8 + -25)?
-18
Evaluate (19 - 3) + -3 - 17 - -2 - -15.
13
2 - 45 - (88 - (-43 - -111))
-63
What is the value of (17 - 19 - (-2 + -1)) + -79 + 33?
-45
Evaluate -17 + 27 + (17 - (0 - -3) - 10).
14
Calculate -320 + 410 + -46 + 8.
52
What is 0 - 0 - 5 - (-25 + -131 + 146) - -63?
68
Calculate -29 + 14 + 42 - (-2 + (-2 - 8)).
39
-187 + 204 + (5 - 74) + -21
-73
-45 + -1 + (8 - (-27 + (-37 - -72)))
-46
What is the value of -32 + (809 - 812 - (10 + 0))?
-45
Calculate (-6 + 2 - 98) + (2 - (6 - 5)) - 3.
-104
What is (-1161 - -1072) + (-3 - -199)?
107
Calculate 5 - 0 - -19 - -18 - -5.
47
Evaluate (413 + -363 - ((0 - -2) + 10)) + -7.
31
What is the value of -39 + -11 + (-52 - -112)?
10
Calculate (-1031 - -1052) + (2 - 42).
-19
Evaluate 367 + -305 + 1 + (4 - 1) + -5 + -6.
55
Evaluate 7 + -14 + 11 - (4 - -10 - 6).
-4
What is the value of (2 - (-46 - -2)) + (-12 - -2 - (35 + -50))?
51
Evaluate -5 - (-15 + -6 + 4 + 12).
0
Calculate (-64 + -4 - (-17 - -10)) + 5.
-56
(-13910 - -14121) + -116 + -1
94
What is the value of -37 - (66 + -84 + -22)?
3
Calculate -330 + 148 + 207 + (-1 - -24).
48
Calculate (-399 - -382 - (-8 - 0)) + 7 + -9.
-11
Evaluate (13 - -54 - 41) + -3.
23
Calculate -1 + -19 - (89 + -37 + 40 + -40).
-72
Calculate 11 - 103 - (-125 + 67).
-34
What is the value of (-23 - 2) + 1 + (-322 - (88 - 361))?
-73
Evaluate 110 - ((-1 - -11) + 17 - 32).
115
Evaluate -30 + -85 + 125 - (0 - 24).
34
Calculate 0 - ((24 - -7 - -4) + -12) - (6 - 4).
-25
What is (-15 + 8 - 8) + (101 - 128)?
-42
Evaluate -94 + 60 + 42 - 27.
-19
What is -2 + -80 - (524 - 670)?
64
Evaluate 45 + (-44 - -50) + 10.
61
Evaluate -94 + (-12 - -66) - -78.
38
What is the value of 4 + (17 - 3) + -154 + (3 - -4) + 8?
-121
Calculate -2 + 1 + 12 + -12 - (50 + -2).
-49
Evaluate (-4 - 64 - ((6 - -4) + -7)) + -8.
-79
What is the value of -59 - (30 + 28 + -44) - 14?
-87
What is the value of -54 + (59 - (-83 - 0))?
88
-18 + -4 + 21 - (-4 + 48) - 14
-59
What is 3 - (-21 + (1 - 4) + 22) - 79?
-74
What is the value of 80 + -60 + 30 - 19 - 119?
-88
What is -881 + 899 - (51 - -1)?
-34
What is (5 - 15 - -5 - (-78 + 63)) + (1 - -23)?
34
5 - -1 - (29 + (-49 - -33)) - (10 + -18)
1
Calculate 0 + -21 + 42 + (-34 - -35).
22
-7 + -3 + 202 + -141 + (0 - 9)
42
What is the value of -9 + -2 + -2 + (-18 - -27) + -37?
-41
Calculate 42 - 36 - (40 + -46 + (10 - -1)).
1
(-39 - (17 + -7)) + -73 + (-1 - -19)
-104
What is the value of -6 + (6 - -55) - 56?
-1
Calculate -36 + (130 + 9 - 54).
49
Evaluate 17 + (631 - 614 - (2 - (-3 - 23))).
6
What is 111 - ((-8 - ((2 - 11) + -6)) + 9 - 4)?
99
Evaluate -109 - (81 + -236 + 76).
-30
(112 + -122 - (-6 - (6 - 10))) + -2 + -95
-105
Evaluate -80 + (-35 - 29 - -76).
-68
Calculate 222 - (155 - 3) - 114.
-44
What is the value of -31 - (-107 + -20 + 58)?
38
-23 + -1 - -8 - -34
18
What is the value of -10 + (28 - 8) + (-11 + 3 - -2 - -4)?
8
What is 16 + 9 + (17 - 5 - 16 - 65)?
-44
Evaluate (0 - -8) + (22 - (-9 + -10 - -54)).
-5
What is the value of -24 + 0 + (-277 - -353) + 43?
95
What is (-5 - 0) + 21 + -1 + -17 - -12?
10
-11 + (9 - (8 - -132)) - (-6 - -2 - -7)
-145
Evaluate -13 - ((83 - 292) + 219 - (1 + 58 - 0)).
36
(158 + -47 - 205) + 118
24
3 + 12 + 1 + -71
-55
Calculate -1257 - -1228 - (-4 + 29 + -3).
-51
What is -317 + 313 - (-78 + -7)?
81
Evaluate (1 + -5 + -60 - -4) + 5 - (-223 - -209).
-41
Evaluate -79 - -75 - (2 + -10 + 122).
-118
-33 + -73 + 132 - (21 + -1)
6
3 + (-8 - -14 - (0 + 10)) + 25
24
-340 + 253 + (2 - (2 + 2) - (6 + 2))
-97
What is 42 + -50 + -17 + (3 - -39)?
17
What is 1 + 3 + -6 + -3 - ((9 - 47) + 46)?
-13
What is the value of -262 + 255 - (5 + -7)?
-5
Evaluate (-7 - -48) + -3 + -10 + 29.
57
What is the value of -